{"id":22,"date":"2022-11-13T13:51:43","date_gmt":"2022-11-13T12:51:43","guid":{"rendered":"http:\/\/nakusy.cz\/?page_id=22"},"modified":"2022-11-19T22:07:22","modified_gmt":"2022-11-19T21:07:22","slug":"repertoar","status":"publish","type":"page","link":"http:\/\/nakusy.cz\/?page_id=22","title":{"rendered":"Reperto\u00e1r"},"content":{"rendered":"\n<p><strong>M\u011bs\u00edc v \u00fapl\u0148ku<\/strong><\/p>\n\n\n\n<figure class=\"wp-block-image size-large is-resized\"><img loading=\"lazy\" decoding=\"async\" src=\"http:\/\/nakusy.cz\/wp-content\/uploads\/2022\/11\/1a58e400b4424995b81698ef5ef306df-0001-724x1024.jpg\" alt=\"\" class=\"wp-image-424\" width=\"302\" height=\"427\" srcset=\"http:\/\/nakusy.cz\/wp-content\/uploads\/2022\/11\/1a58e400b4424995b81698ef5ef306df-0001-724x1024.jpg 724w, http:\/\/nakusy.cz\/wp-content\/uploads\/2022\/11\/1a58e400b4424995b81698ef5ef306df-0001-212x300.jpg 212w, http:\/\/nakusy.cz\/wp-content\/uploads\/2022\/11\/1a58e400b4424995b81698ef5ef306df-0001-768x1086.jpg 768w, http:\/\/nakusy.cz\/wp-content\/uploads\/2022\/11\/1a58e400b4424995b81698ef5ef306df-0001-1086x1536.jpg 1086w, http:\/\/nakusy.cz\/wp-content\/uploads\/2022\/11\/1a58e400b4424995b81698ef5ef306df-0001-1448x2048.jpg 1448w, http:\/\/nakusy.cz\/wp-content\/uploads\/2022\/11\/1a58e400b4424995b81698ef5ef306df-0001-scaled.jpg 1810w\" sizes=\"auto, (max-width: 302px) 100vw, 302px\" \/><\/figure>\n\n\n\n<p>\u0158\u00edk\u00e1 se, \u017ee vpust\u00ed-li \u010dlov\u011bk do sv\u00e9ho \u017eivota l\u00e1sku, p\u0159ijde s n\u00ed i jej\u00ed mal\u00e9 mal\u00e9 o\u0161kliv\u00e9 dvoj\u010de. Mezi dvojici pekeln\u00edk\u016f Tartara a Ol\u00edvii a jejich lidsk\u00e9 prot\u011bj\u0161ky Milo\u0161e a Mark\u00e9tku se takov\u00fdch dvoj\u010dat rozb\u011bhlo cel\u00e9 hejno. V milostn\u00e9m p\u0159etahovan\u00e9 mezi peklem a zem\u00ed m\u016f\u017ee zv\u00edt\u011bzit pouze jedin\u00fd: ten, kdo do sv\u00e9ho \u017eivota nevpust\u00ed nikoho a nic. Neotrl\u00e9 div\u00e1ky upozor\u0148ujeme, \u017ee temnotu mezilidsk\u00fdch vztah\u016f v Divadle Na Kusy prosv\u011btluj\u00ed baterkou humoru, zbloudit v n\u00ed je tedy nemo\u017en\u00e9!<\/p>\n\n\n\n<p>Hraj\u00ed \u010di hr\u00e1li: Michaela \u0160ediv\u00e1, Iva Em, Jana Ho\u0161kov\u00e1, Martina Vesel\u00e1, Barbora \u010cervenkov\u00e1, Michal Andrle, Jan Navr\u00e1til<\/p>\n\n\n\n<p>Sc\u00e9n\u00e1\u0159 a re\u017eie: Martin Janda<\/p>\n\n\n\n<p><strong>Detektivka<\/strong><\/p>\n\n\n\n<figure class=\"wp-block-image size-full is-resized\"><img loading=\"lazy\" decoding=\"async\" src=\"http:\/\/nakusy.cz\/wp-content\/uploads\/2022\/11\/13239028_10209525906652804_2775243851742264368_n.jpg\" alt=\"\" class=\"wp-image-425\" width=\"307\" height=\"407\" srcset=\"http:\/\/nakusy.cz\/wp-content\/uploads\/2022\/11\/13239028_10209525906652804_2775243851742264368_n.jpg 643w, http:\/\/nakusy.cz\/wp-content\/uploads\/2022\/11\/13239028_10209525906652804_2775243851742264368_n-226x300.jpg 226w\" sizes=\"auto, (max-width: 307px) 100vw, 307px\" \/><\/figure>\n\n\n\n<p><\/p>\n\n\n\n<p>Hr\u00e1li: Monika Kapr\u00e1likov\u00e1, Gabriela Janovsk\u00e1, Alena Indr\u00e1kov\u00e1, Michal Andrle, V\u00e1clav Roman, Jan Navr\u00e1til, Martin Janda<\/p>\n\n\n\n<p>Sc\u00e9n\u00e1\u0159 a re\u017eie: Martin Janda<\/p>\n\n\n\n<p><strong>Spiknut\u00ed<\/strong><\/p>\n\n\n\n<figure class=\"wp-block-image size-full is-resized\"><img loading=\"lazy\" decoding=\"async\" src=\"http:\/\/nakusy.cz\/wp-content\/uploads\/2022\/11\/28313088_1827716347248098_1381457775_n.jpg\" alt=\"\" class=\"wp-image-426\" width=\"313\" height=\"442\" srcset=\"http:\/\/nakusy.cz\/wp-content\/uploads\/2022\/11\/28313088_1827716347248098_1381457775_n.jpg 679w, http:\/\/nakusy.cz\/wp-content\/uploads\/2022\/11\/28313088_1827716347248098_1381457775_n-212x300.jpg 212w\" sizes=\"auto, (max-width: 313px) 100vw, 313px\" \/><\/figure>\n\n\n\n<p>Spiknut\u00ed. Ano, to je to slovo. Ka\u017ed\u00fd ob\u010das za\u017eije takov\u00fd hlodav\u00fd a neodbytn\u00fd pocit, \u017ee vl\u00e1du nad jeho \u017eivotem p\u0159evzal n\u011bkdo ciz\u00ed, a \u017ee se ne\u0159\u00edzen\u011b \u0159\u00edt\u00ed prudkou skluzavkou bez toho, aby na sv\u016fj pohyb m\u011bl sebemen\u0161\u00ed vliv. Okol\u00ed vypr\u00e1v\u00ed cosi o paranoie, ale ne\u0159\u00edk\u00e1 snad klasik, \u017ee jsem-li paranoidn\u00ed, neznamen\u00e1 to, \u017ee po m\u011b nejdou?<br>Jak je to tedy ve skute\u010dnosti? Existuje tajn\u00e1 spiknut\u00ed mocn\u00fdch? Jsou \u017eivoty b\u011b\u017en\u00fdch lid\u00ed \u0159\u00edzeny, ani\u017e by o tom kdokoliv vyjma p\u00e1r vyvolen\u00fdch tu\u0161il? Ot\u00e1zek mnoho, odpov\u011bdi \u017e\u00e1dn\u00e9. I kdy\u017e, kdo v\u00ed, zda je nezn\u00e1 pr\u00e1v\u011b Divadlo Na kusy\u2026<\/p>\n\n\n\n<p>Hr\u00e1li: Gabriela Janovsk\u00e1, Kl\u00e1ra \u010cervinkov\u00e1, Iva Em, Jan Navr\u00e1til, Michal Andrle, V\u00e1clav Roman, V\u00e1clav Balv\u00edn<\/p>\n\n\n\n<p>Sc\u00e9n\u00e1\u0159 a re\u017eie: Martin Janda<\/p>\n\n\n\n<p><strong>Z ne\u017eivota zombie<\/strong><\/p>\n\n\n\n<p>Moment\u00e1ln\u011b zkou\u0161ej\u00ed: Michaela \u0160ediv\u00e1, Iva Em, Juliana Sedl\u00e1kov\u00e1, Michal Andrle, Jan Navr\u00e1til, Pavel Bur\u0161\u00edk<\/p>\n\n\n\n<p>Sc\u00e9n\u00e1\u0159 a re\u017eie: Martin Janda<\/p>\n","protected":false},"excerpt":{"rendered":"<p>M\u011bs\u00edc v \u00fapl\u0148ku \u0158\u00edk\u00e1 se, \u017ee vpust\u00ed-li \u010dlov\u011bk do sv\u00e9ho \u017eivota l\u00e1sku, p\u0159ijde s n\u00ed i jej\u00ed mal\u00e9 mal\u00e9 o\u0161kliv\u00e9 dvoj\u010de. Mezi dvojici pekeln\u00edk\u016f Tartara a Ol\u00edvii a jejich lidsk\u00e9 prot\u011bj\u0161ky Milo\u0161e a Mark\u00e9tku se takov\u00fdch dvoj\u010dat rozb\u011bhlo cel\u00e9 hejno. V milostn\u00e9m p\u0159etahovan\u00e9 mezi peklem a zem\u00ed m\u016f\u017ee zv\u00edt\u011bzit pouze jedin\u00fd: ten, kdo do sv\u00e9ho [&hellip;]<\/p>\n","protected":false},"author":1,"featured_media":281,"parent":0,"menu_order":0,"comment_status":"closed","ping_status":"closed","template":"","meta":{"footnotes":""},"class_list":["post-22","page","type-page","status-publish","has-post-thumbnail","hentry"],"_links":{"self":[{"href":"http:\/\/nakusy.cz\/index.php?rest_route=\/wp\/v2\/pages\/22","targetHints":{"allow":["GET"]}}],"collection":[{"href":"http:\/\/nakusy.cz\/index.php?rest_route=\/wp\/v2\/pages"}],"about":[{"href":"http:\/\/nakusy.cz\/index.php?rest_route=\/wp\/v2\/types\/page"}],"author":[{"embeddable":true,"href":"http:\/\/nakusy.cz\/index.php?rest_route=\/wp\/v2\/users\/1"}],"replies":[{"embeddable":true,"href":"http:\/\/nakusy.cz\/index.php?rest_route=%2Fwp%2Fv2%2Fcomments&post=22"}],"version-history":[{"count":8,"href":"http:\/\/nakusy.cz\/index.php?rest_route=\/wp\/v2\/pages\/22\/revisions"}],"predecessor-version":[{"id":433,"href":"http:\/\/nakusy.cz\/index.php?rest_route=\/wp\/v2\/pages\/22\/revisions\/433"}],"wp:featuredmedia":[{"embeddable":true,"href":"http:\/\/nakusy.cz\/index.php?rest_route=\/wp\/v2\/media\/281"}],"wp:attachment":[{"href":"http:\/\/nakusy.cz\/index.php?rest_route=%2Fwp%2Fv2%2Fmedia&parent=22"}],"curies":[{"name":"wp","href":"https:\/\/api.w.org\/{rel}","templated":true}]}}